he prime factors of i?
2, 17
Let k = -4078 + 11259. List the prime factors of k.
43, 167
Let y = 107 + -105. Suppose 2*k - 732 = -2*w, 0*k + 3*k = y*w + 1098. What are the prime factors of k?
2, 3, 61
Let k(x) = -x**3 + 7*x + 10. Let s be k(-2). Let r be ((-30)/(-4))/((-3)/(-212)). Suppose s*i = 8, 2*a + r = 6*a - 5*i. List the prime factors of a.
3, 5
List the prime factors of ((-1298)/(-177))/((-106160)/53085 + 2).
11, 3539
Suppose 0 = q - t - 18, 2*q - 27 = -2*q - 5*t. Suppose -9*o = -q*o. Suppose 5 = k, -2*k + 85 = 5*m - o*m. List the prime factors of m.
3, 5
Suppose -n - n - 6*n = 0. Suppose n = 28*u - 25*u - 5*c - 654, 3*u - 3*c - 660 = 0. List the prime factors of u.
223
Let u = -193 - -349. What are the prime factors of 1532/6 + 4/(u/(-13))?
3, 5, 17
Let k(l) = -5924*l - 400. What are the prime factors of k(-4)?
2, 7, 13
List the prime factors of (898/(-2))/((8 - 6)/((-1308)/6)).
109, 449
Suppose 3*w = -4*m + 4*w + 239, 0 = 4*m - 3*w - 237. Let f = 759 - m. What are the prime factors of f?
3, 233
Suppose -437*y = -436*y - 5. Suppose 3*q = -2*a + 3191, 3*a + y*q - 3201 = a. What are the prime factors of a?
2, 397
Let a = 40571 - 6284. List the prime factors of a.
3, 11, 1039
Suppose 154*f - 153*f = 669. Let s = 1014 - f. List the prime factors of s.
3, 5, 23
Suppose 32*z - 27021 - 5860 = 477711. List the prime factors of z.
2, 3989
Suppose 46*v = 106*v - 43*v - 1904. What are the prime factors of v?
2, 7
Suppose -18 = 2*m - 18. Suppose n - 16 + 12 = m. Suppose 38 = n*w - 5*d, d + 30 = -2*w + 6*w. What are the prime factors of w?
7
Suppose 2*u = 4, -4*i + 3971 = i + 3*u. Let a = i + -384. What are the prime factors of a?
409
Let h(r) = r**3 + 10*r**2 + r - 6. Suppose 3*k = 3*y - 9, -2*y - 2*y - 30 = 3*k. Let x be (k/(-5))/(14/(-105)). What are the prime factors of h(x)?
2, 3, 11
Suppose 2*h - 3*v = v - 34, 3*v - 3 = 0. Let o(x) = -x**2 + 121*x + 35 + 2*x**2 - 105*x. List the prime factors of o(h).
2, 5
Suppose -258 = -4*m + 142. Let c = -103 + m. What are the prime factors of -6*(-3)/c*154/(-4)?
3, 7, 11
Suppose 0 = 11*t - 9 - 13. Suppose -7*l + 5940 = t*l. Suppose -270 = -6*f + l. List the prime factors of f.
5, 31
Let c = 6617 - -4955. List the prime factors of c.
2, 11, 263
Let f(u) = -u**3 + 59*u**2 + 64*u - 8. What are the prime factors of f(49)?
2, 3, 4523
List the prime factors of ((-12324)/9)/(8*9/(-108)).
2, 13, 79
Let g(u) = -u**3 + 32*u**2 - 27*u - 118. Let i be g(31). What are the prime factors of (5952/i)/(-2)*2/(-2)?
2, 31
Let y = -2938 - -3521. List the prime factors of y.
11, 53
Let n(y) = -y + 18. Let j be n(14). Let t(v) = 26*v - 21. List the prime factors of t(j).
83
Let k = 8520 + -4019. List the prime factors of k.
7, 643
Let k = -260 + 242. List the prime factors of (-5 + (-66)/4)*k.
3, 43
Suppose 4*r + 30696 = 5*x, -22*x = -20*x + 3*r - 12283. List the prime factors of x.
2, 5, 307
Suppose 0 = d + 18*d + 22*d - 1113970. What are the prime factors of d?
2, 5, 11, 13, 19
Suppose -2*x + x = -14. Let m(o) = o**3 - o**2 + 4*o - 32. Let n be m(3). List the prime factors of 5/(8 - n)*x.
7
Let g = 455 - 449. Suppose 5*m - 3*b - 17095 = 0, -14208 + 532 = -4*m + b. Suppose g*x = -7*x + m. What are the prime factors of x?
263
Let b(m) = 56*m + 530 - 534 - 8*m. Let q be b(3). Let y = 287 - q. What are the prime factors of y?
3, 7
Let v(p) = -191*p + 198. Let q be v(-20). Suppose -14*g + q + 7182 = 0. List the prime factors of g.
2, 5
Let c = 53 - 49. List the prime factors of (202/c)/((-7)/(-14)).
101
Let s = -419 + 132. Let k = 118 - s. List the prime factors of k.
3, 5
Let n = 314 + -328. What are the prime factors of 91/((n/84)/(2/(-4)))?
3, 7, 13
What are the prime factors of -10*(60879/(-65) - (-12)/6)?
2, 4673
Let r = -7286 - -10427. What are the prime factors of r?
3, 349
Let k(s) be the first derivative of -3*s**2/2 - s - 8. Let x be k(2). Let w(a) = -2*a**3 - 14*a**2 - 9*a - 3. What are the prime factors of w(x)?
2, 3, 5
Suppose 32 - 4 = 2*t. Let m(n) = n**3 - 6*n**2 - 7. Let v be m(7). Suppose -t*y = -16*y + v. List the prime factors of y.
3, 7
Let r = 40444 + -5116. What are the prime factors of r?
2, 3, 23
Let m = 32147 + -4193. What are the prime factors of m?
2, 3, 1553
Suppose 0 = u - 12293 + 6173. List the prime factors of u.
2, 3, 5, 17
Suppose 1008 = 5*b - x, 3*b - x - 3*x - 598 = 0. Suppose 3638 + b = 24*d. List the prime factors of d.
2, 5
Suppose 4*x = -18*x - 1826. What are the prime factors of x*(-17 - (-12 - -8))?
13, 83
Let i(c) = 26 - 2*c**2 - 31*c + 19 - 31. Let b be i(-18). Let g = b - -282. What are the prime factors of g?
2, 103
Let l = 4692 + -3539. What are the prime factors of l?
1153
Let y(l) = 145*l - 1092. What are the prime factors of y(17)?
1373
Suppose -10*j + 5*j = 5*j. Suppose 27*d - 15811 - 10298 = j. What are the prime factors of d?
967
List the prime factors of 15 + 1053/(-72) - 1468905/(-40).
3, 12241
Suppose 37*g - 1320765 = -26*g + 281640. What are the prime factors of g?
5, 5087
Let f = 84 - 41. Let c be f - (-4 - (2 - 7)). Suppose 3*r + 132 = 2*d - c, 4*d = 4*r + 348. What are the prime factors of d?
3, 29
Let b(i) be the first derivative of 11*i**2 - 11 - 14*i - 1/3*i**3. What are the prime factors of b(17)?
71
Let t = -21514 + 33949. What are the prime factors of t?
3, 5, 829
Suppose -28*u - 15595 = -58*u + 257765. What are the prime factors of u?
2, 17, 67
Let b(c) = 61*c**2 - 237*c + 965. What are the prime factors of b(4)?
3, 331
Suppose 12*t - 411395 = -152515 + 171908. What are the prime factors of t?
35899
Suppose -3*n - 137 = 5*c + 100, -2*c - 92 = 4*n. Let i(h) = h**3 - 11*h**2 + 11*h + 20. Let x be i(9). Let u = x - c. What are the prime factors of u?
5
Let s be (-2)/(2/51)*101/303. Let i(r) = -36*r + 111. What are the prime factors of i(s)?
3, 241
Suppose o - 86 = -2*m, 62*m = 66*m - 2*o - 188. List the prime factors of (-39)/(-2)*480/m.
2, 13
Suppose 5*b + 7*r - 702 = 4*r, 2*b = 5*r + 287. Let t be 0 - (-704)/55*-5. Let y = t + b. List the prime factors of y.
7, 11
Let b be (3/9)/((-2)/(-2766)). Suppose 3*j - 4*i + 266 - 1616 = 0, j = 5*i + b. List the prime factors of j.
2, 223
Let y(t) = t**3 - 33*t**2 + 3. Let v be y(33). What are the prime factors of (-4 + 4)/v - (-463 + -1)?
2, 29
What are the prime factors of (-10)/65 - ((-2)/(-52))/((-35)/7708750)?
43, 197
Suppose 8*i = -2*i + 120. Let p be (12/(-72) - 10/i)*-35. Suppose -p*r + 37*r = 70. What are the prime factors of r?
5, 7
Let b(d) = -37*d + 24. Let w be b(1). Let i(m) = 3*m**2 + 4*m - 9. List the prime factors of i(w).
2, 223
Let t be 4/7 - (2832/7 + 7). Let s = -1 + -228. Let l = s - t. List the prime factors of l.
2, 7, 13
Let o be (0 - 0/(1 - 4))/1. Suppose 6*t - 3*t - 1029 = o. What are the prime factors of t?
7
Suppose -2308 = -21*s + 2207. Let d = s - 88. List the prime factors of d.
127
Suppose -57 = -14*c - 5*c. Suppose 3523 = 3*b - 5*w, 0 = -c*b - b + w + 4703. What are the prime factors of b?
2, 3, 7
Let h(n) = -29*n - 131. Suppose 13*x + 4*x + 153 = 0. What are the prime factors of h(x)?
2, 5, 13
Suppose -5*y - 3 = -4*o, 7*y - 46 = -3*o + 2*y. Let a(h) = -h + o*h - 1 + 6*h. What are the prime factors of a(3)?
5, 7
Let m(s) = 3830*s**2 - 11*s - 26. List the prime factors of m(-2).
2, 7, 547
Suppose -3*x - 5*u + 42 = 0, x - 3*u - 1 - 27 = 0. Suppose -16*h + x*h = -3*l + 3813, 3*h + 3807 = 3*l. What are the prime factors of l?
2, 5, 127
Let x(y) = -y**2 - 18*y + 63. Suppose 7*w - 8*w + b = 15, 78 = -4*w - 2*b. List the prime factors of x(w).
3, 7
Let p = 382 + -378. Let n be (-20)/(-3)*(-744)/(-20). Suppose -p*c = -4*k + n, -k - 3*c = -45 - 5. What are the prime factors of k?
59
Let g = 319 + 198. Suppose 2*i - 503 - g = 0. What are the prime factors of i?
2, 3, 5, 17
Suppose 1464*q - 1345*q = 4293996. What are the prime factors of q?
2, 3, 31, 97
Let y(a) = -a**2 + 32*a + 92. Let f be y(34). Suppose -13*b + f*b = 4389. What are the prime factors of b?
3, 7, 19
Let v = 12938 - -24993. List the prime factors of v.
83, 457
Let h(x) = x**2 - 5*x. Let i be h(5). Suppose 4*s - 288 = -i*s. Suppose 3*b = 3*v + s, -5*b + 0*v + 124 = -4*v. What are the prime factors of b?
2, 7
Let m = -34354 - -59815. List the prime factors of m.
3, 23, 41
Let f = 5328 - 3766. List the prime factors of f.
2, 11, 71
Le